0 + 2*y**2. Determine t(10).
54
Let k be (-12)/(-594)*9*22. Let h(o) be the first derivative of o**2/2 + 2. What is h(k)?
4
Let u(p) = p**2 - 7*p + 2. Suppose 0 = -k - 15. Let b = -11 - k. Suppose 5*i - 26 = -3*o + 12, 0 = b*o - 4*i - 8. What is u(o)?
-4
Let d(m) = m**3 + 3*m**2 - 5*m. Let v be d(-4). Let f(o) be the first derivative of -3*o**2/2 + 3*o + 201. Determine f(v).
-9
Suppose 0 = -3*a - 8*s + 3*s + 12, -15 = -5*s. Let c(w) = 7*w**3 - w**2 + w + 1. What is c(a)?
-8
Let p(n) = 81*n - 652. Let k be p(8). Let u(z) = -z**3 - 4*z**2 - z + 3. Give u(k).
7
Let v(m) = 3*m - 5. Let w = -11 + 4. Let c(z) = -10*z + 16. Let a(u) = w*v(u) - 2*c(u). Suppose 31 = -62*p + 403. Give a(p).
-3
Let y(s) = s**3 + 5*s**2 - 4. Let u(c) = -c - 5. Let g be 0*((-12)/(-8))/3. Let z be u(g). Calculate y(z).
-4
Let f(s) = -s**2 + 3*s + 5. Let k(d) = d - 3*d + 7*d - d**3 + 2 - d**2. Let i be k(-3). Suppose -i*t + 2*v + 20 = 0, 0 = -2*t + v + 4*v + 8. What is f(t)?
1
Let g(y) = -y**2 + 8*y - 8. Let l be g(6). Suppose -18 + 5 = -4*j + 3*v, -3*j = -5*v + l. Let x(t) = 3*t + 5 - t - 4*t**2 + 1 - j. Give x(2).
-13
Let n(z) = -z - 1 + 0*z + 1162*z**2 - 1174*z**2. Calculate n(-1).
-12
Let p(m) = -2*m - 1. Suppose 4*r - 5*f - 212 = 70, 4*r - 264 = -4*f. Let v be ((-3)/4)/((-2)/8). Let i be -4*(r/16 - v). Determine p(i).
9
Suppose -280 = 70*o - 14*o. Let z(b) = 3*b - b**3 - 5*b**2 + 6 + 2 - 4. Calculate z(o).
-11
Let x = 16 + -22. Let w = 4 + 7. Let l(k) = -3*k + 14. Let u(s) = 8*s - 42. Let b(h) = w*l(h) + 4*u(h). Determine b(x).
-8
Let b(w) = -w**3 + 5*w**2 + 6*w + 1. Let v(o) = o**3 - 6*o**2 - 7*o - 1. Let n(f) = 5*b(f) + 4*v(f). Give n(-1).
1
Let c be (100/175)/(4/(-14)). Let m(w) = -8*w**2 + w**2 + 3*w**2. Determine m(c).
-16
Let y be (0*(-4)/24 - -1)/1. Let u(s) = 8*s - 3. Calculate u(y).
5
Let b be (12/(-18))/((-1)/6). Suppose b*p + 12 = 4*l, -3 - 10 = 5*p - 3*l. Let m(d) = d**3 + 6*d**2 + 2*d - 1. What is m(p)?
11
Let f(k) = -k**2 - 6*k - 4. Suppose -2*q = -5 + 3. Let t(b) = 288*b**3 + b**2 + b - 1. Let o be t(q). Let a be 2/8 + o/(-68). Calculate f(a).
4
Let t(d) = d - 5. Let c(l) = l - 3. Let o(z) = -5*c(z) + 3*t(z). Let v be (3 + 2)/((-5)/(-6)). Calculate o(v).
-12
Let f(x) = 3*x - 2 + 3 - x + 0 - 3*x. Give f(-5).
6
Let m(z) = 4*z - 31. Let q be m(7). Let p(d) = d**3 + d**2 - 2*d + 3. What is p(q)?
-9
Let t(k) = 4*k**2 + 3*k. Let a(b) = -9*b**2 - 6*b. Let r(j) = 6*a(j) + 13*t(j). Let q be (-3)/(-10) - 10395/(-3850). What is r(q)?
-9
Let x(n) be the first derivative of -n**2/2 - 9. Let l be (-1)/2 - 3/6. Determine x(l).
1
Let m(t) = 16*t**2 + 4*t. Let l(k) = -19*k**2 - 4*k - 1. Let n(a) = 5*l(a) + 6*m(a). Give n(5).
40
Let a(y) = -7*y + 3. Let l(f) = -5*f + 3. Let j(x) = -3*a(x) + 4*l(x). Give j(-5).
-2
Let x(c) = c**3 - 5*c**2 + 3*c + 2. Let h be x(4). Let s(l) be the first derivative of -l**3/3 - l**2/2 - 2*l + 351. What is s(h)?
-4
Let i(f) = -3*f**2 - f**2 + f - 5*f**2 + 8*f**2. Let p = 35 + -20. Suppose 0*c = -5*c + p. What is i(c)?
-6
Let t(i) = i**3 + 8*i**2 + 9. Suppose -3*z + 154 = -25*z. Give t(z).
58
Let x = 7 + -5. Suppose w - 10 = -5*k, -2 + 7 = x*w - 5*k. Let j(o) = -2*o - 11. Let y(b) = -b - 6. Let l(f) = 3*j(f) - 5*y(f). Calculate l(w).
-8
Let m = -12 + 13. Let x be -12 - (-2 - 2 - m). Let a(j) = -j**3 - 8*j**2 - 8*j - 8. Give a(x).
-1
Suppose -5*p - 10 = 5*z, -3*p = 5*z - z + 4. Let j be ((-2)/4)/(-1 + 3/z). Let b(w) = -12*w**2 + 1. What is b(j)?
-11
Let r(q) = 5*q**2 + q. Let j be r(-1). Let o be 1 - (j + 1/(-1)). Let m(w) = -14*w. Give m(o).
28
Let a(u) be the third derivative of u**5/60 - u**4/6 + 157*u**2. Give a(5).
5
Suppose 23*f + 48 = -21. Let y(o) = o**3 - 3*o + 3. Calculate y(f).
-15
Let h be (-2)/(-3) + (-33)/9. Let n(v) = v + 1. Let c(l) = -5*l - 5. Let s(r) = -c(r) - 6*n(r). Give s(h).
2
Let i(u) be the first derivative of -3*u**2 + 1 + 2/3*u**3 + u. Suppose -4*s = 10 - 26. What is i(s)?
9
Suppose -125 + 185 = -10*f. Let a(i) = -2*i - 6. Determine a(f).
6
Let m(c) = -4*c - 3. Let k(z) = -z**3 + 10*z**2 + 27*z - 35. Let n be k(12). Determine m(n).
-7
Let s = -16 - -19. Let i(a) be the second derivative of a**3/2 + 3*a**2/2 - 4*a. Give i(s).
12
Let u(l) be the second derivative of l**4/12 - 5*l**3/3 + 6*l**2 - 417*l + 2. Calculate u(2).
-4
Let z(h) = 2*h**3 + h**2 + 2 - 2*h**2 - 3*h**3 - 2*h**2 - 2*h. Let g = -17 + 15. Give z(g).
2
Let r(i) = i**3 + 7*i**2 + 9*i + 2. Let o(p) = p**3 + 12*p**2 + 38*p + 15. Let v be o(-7). Give r(v).
-16
Let f(s) be the first derivative of 7*s**3 - s**2 + s + 83. Determine f(1).
20
Let b(p) = -18*p + 5 + 3*p + 13*p. Calculate b(6).
-7
Let l be -2*2*8/(-16). Let o(j) = j**2 + j + 4 + 2*j + 2*j - l*j**2. Calculate o(5).
4
Let c(z) be the third derivative of 1/24*z**4 - 4*z**2 + 1/120*z**6 + 1/60*z**5 + 0*z + 0 + 1/6*z**3. Calculate c(-1).
0
Let m be ((1/(-1))/1)/(15/(-30)). Let z(g) be the first derivative of 0*g - 1/3*g**3 - 2 + 0*g**m - 1/4*g**4. Determine z(0).
0
Let a(p) be the second derivative of p**5/20 + 7*p**4/12 - 3*p**3/2 - 5*p**2/2 + 33*p. Let v be a(-8). Let b(s) = -s + 2. What is b(v)?
-1
Suppose -2*d - 2 = -0*d. Let i(l) = 114*l**3 - l**2 - l + 13. Let b(o) = -27*o**3 - 3. Let f(h) = 9*b(h) + 2*i(h). Calculate f(d).
14
Let j(d) = d - 12. Let a be (-24)/8 - (-3)/1. Suppose f + 5*b + a*b - 12 = 0, -4*b - 24 = -2*f. Suppose -4*u = -2*u - f. Calculate j(u).
-6
Let f = 31 - 43. Let d be (-1 - -4)/(f/(-8)). Let m(o) = -7*o + d*o + 1 + 1 + 2*o. What is m(-2)?
8
Let a(l) = -4 + 2*l**3 - 4*l + 10*l**3 - l**2 - 11*l**3 + 4*l**2. Determine a(-5).
-34
Let z(x) = x**2 + 10*x - 4. Let h be 63 + 2 + (3 - (3 + 1)). Let w = 54 - h. Calculate z(w).
-4
Let x(q) be the second derivative of -q**4/12 + 4*q**3/3 + 11*q**2/2 + 4*q - 19. What is x(10)?
-9
Let g(k) = -2*k**2 - 10*k**2 + 0*k + 2 - k**3 + 0*k. Let f be g(-12). Let c(l) = l - f*l**3 + l**3 + 0*l + 2*l - 2 - 2*l**2. Determine c(-3).
-2
Let k(n) = n**3 - 7*n**2 + 7*n + 8. Let y be 128/20 - 32/80. What is k(y)?
14
Suppose -3*c = -0*c + 9. Let f(m) = -m**3 - 3*m**2 + 4*m + 10. Calculate f(c).
-2
Let c(v) be the third derivative of v**5/60 + v**4/4 - 3*v**3/2 + v**2 + 27*v. Calculate c(-9).
18
Let v(n) = 14*n + 73. Let c be v(-5). Let o(u) = -u**2. What is o(c)?
-9
Suppose 8 = -14*l + 36. Let i(y) be the first derivative of 4*y + 3 + 4*y**l + 1/3*y**3. What is i(-7)?
-3
Let d = -9 + 4. Let j(v) be the first derivative of -11*v**3/3 - 7*v**2/2 + 7*v + 8. Let k(z) = 4*z**2 + 2*z - 2. Let b(r) = 3*j(r) + 8*k(r). What is b(d)?
5
Let m(y) be the second derivative of y**4/12 - y**3/6 - 21*y**2/2 - 284*y. Determine m(0).
-21
Let j(b) = -6*b**2 - 66*b - 130*b + b**3 - 5 + 201*b. Give j(5).
-5
Let m(j) be the third derivative of j**6/120 + j**5/30 + j**3/3 + 53*j**2. What is m(-3)?
-7
Let h(r) be the second derivative of 7*r**3/3 - r - 49. Calculate h(1).
14
Let f be (-2)/3 - (-2)/3. Let k(w) = -w - 1. Let h(z) = 4*z - 9. Let u(m) = h(m) + k(m). Let g(x) = 2*x - 9. Let r(i) = -4*g(i) + 3*u(i). Determine r(f).
6
Let a(k) be the first derivative of k**6/120 - k**4/24 + 7*k**2 + 11. Let x(z) be the second derivative of a(z). Determine x(0).
0
Let b(t) be the second derivative of -t**5/20 + 3*t**4/4 - 4*t**3/3 + 11*t**2/2 + 2*t + 4. What is b(8)?
11
Let b(a) = a**3 + 6*a**2 + 3*a + 9. Suppose 23*q - 21*q - 10 = 0. Let y be 3*-5*((-69)/15 + q). Determine b(y).
-9
Let d(f) = -3*f + 32. Let m(z) = -2*z + 21. Let s(o) = 4*o**2 + 20*o - 5. Let n be s(-5). Let q(l) = n*d(l) + 8*m(l). What is q(6)?
2
Let d(n) = n**3 + n**2 + n + 8. Let f(x) = x**3 + x + 9. Let u(l) = -5*d(l) + 4*f(l). Let a = -989 + 985. Calculate u(a).
-16
Let d(i) = i**3 + 3*i**2 - i - 4. Suppose -11 = 4*t - m, -3*m = t - 6*t - 12. Calculate d(t).
-1
Let x(w) = 2*w - 2. Suppose 14*r = 6*r + 24. Suppose 0*v + 15 = r*v. Suppose v*a + i - 7 = 13, i = -5. Calculate x(a).
8
Let n(v) = v**2 + 4*v + 1. Let i(t) = -t**2 - 9*t + 5. Let m be i(-7). Let u = 123 + -145. Let x = m + u. What is n(x)?
-2
Let v(n) = -n - 1. Let u = -63 - -57. Let y be u/(-5)*90/27. Give v(y).
-5
Let x(n) = n - 5. Suppose -112 = -5*p - 137. Calculate x(p).
-10
Let d = -582 - -580. Let g(l) = -7*l**2 - l + 2. Determine g(d).
-24
Let p(i) = 3 + 0 - 8*i + 4*i**2 - 5*i**2. Calculate p(-6).
15
Let z be ((-48)/(-10))/(-14 - 803/(-55)). Let r(h